eatest common factor of 10 and 538214?
2
Calculate the highest common divisor of 64948969 and 388.
97
What is the greatest common factor of 116 and 12454166?
58
Calculate the highest common factor of 26325 and 354360.
15
What is the highest common factor of 720 and 16116840?
360
What is the greatest common factor of 1672 and 10977824?
88
What is the highest common factor of 11860 and 3548?
4
What is the greatest common divisor of 15 and 930135030?
15
What is the highest common factor of 1664 and 7889536?
128
What is the highest common divisor of 27430 and 14170?
130
Calculate the greatest common divisor of 960342287 and 2411.
2411
Calculate the highest common divisor of 864688 and 6800.
272
Calculate the greatest common factor of 103812 and 57603.
633
What is the greatest common factor of 3240 and 18808?
8
Calculate the highest common divisor of 25 and 73286725.
25
Calculate the highest common factor of 385 and 3779965.
35
Calculate the highest common factor of 1674820 and 385.
35
What is the highest common factor of 330667203 and 19?
19
Calculate the greatest common divisor of 875301 and 469.
7
Calculate the greatest common divisor of 19801957 and 3570.
119
What is the highest common divisor of 8 and 50905376?
8
Calculate the greatest common divisor of 249789 and 17437.
53
What is the greatest common factor of 9 and 88992261?
9
Calculate the highest common divisor of 106793148 and 12.
12
Calculate the highest common factor of 63097800 and 1021.
1021
What is the highest common divisor of 27 and 19407483?
9
What is the greatest common divisor of 137 and 3734483?
137
Calculate the greatest common factor of 44737593 and 3474.
579
Calculate the highest common divisor of 144297356 and 1372.
1372
What is the greatest common factor of 105516 and 38124?
108
What is the greatest common factor of 15 and 23382195?
15
What is the highest common factor of 5006590 and 430?
10
Calculate the highest common factor of 103368778 and 8752.
1094
Calculate the greatest common divisor of 176396 and 68786.
422
Calculate the greatest common divisor of 38617 and 1162213.
529
What is the highest common factor of 548364 and 3396?
12
What is the highest common divisor of 274 and 65549842?
274
What is the greatest common divisor of 10055 and 6976159?
2011
Calculate the greatest common factor of 91548326 and 575.
23
What is the greatest common factor of 44096189 and 1213?
1213
What is the greatest common factor of 1384 and 2841352?
1384
Calculate the highest common factor of 312 and 38682111.
39
Calculate the highest common divisor of 657 and 64751.
73
What is the highest common divisor of 872073 and 5661?
9
What is the highest common divisor of 3215370 and 120?
30
What is the greatest common factor of 437 and 4007632?
19
Calculate the highest common divisor of 30870055 and 5.
5
What is the greatest common factor of 169374687 and 1509?
1509
Calculate the highest common divisor of 126 and 149788098.
18
What is the highest common divisor of 425 and 1201825?
25
Calculate the highest common divisor of 2026 and 8528447.
1013
What is the highest common factor of 10065 and 5199?
3
Calculate the greatest common divisor of 130504842 and 3042.
3042
What is the highest common factor of 960732 and 23940?
36
What is the greatest common factor of 470981 and 14945?
427
Calculate the greatest common divisor of 49 and 311877895.
49
What is the highest common factor of 220704 and 7068?
228
Calculate the greatest common divisor of 940 and 173860.
20
Calculate the highest common divisor of 1836 and 131644974.
102
What is the greatest common factor of 133174428 and 7460?
1492
What is the greatest common factor of 559 and 788021?
13
Calculate the greatest common divisor of 167400 and 38050.
50
Calculate the greatest common factor of 6499837 and 639.
71
What is the highest common divisor of 9048935 and 4580?
1145
Calculate the highest common divisor of 634230 and 70035.
435
Calculate the greatest common divisor of 2286081 and 147.
21
What is the greatest common divisor of 77412633 and 123?
123
Calculate the greatest common factor of 454 and 36891359.
227
What is the greatest common divisor of 78 and 616207098?
78
What is the greatest common factor of 2649975 and 6314550?
6675
What is the highest common divisor of 1278 and 380760930?
1278
Calculate the greatest common divisor of 272 and 25960432.
16
What is the greatest common factor of 176144 and 14840536?
808
What is the highest common divisor of 64192 and 4661000?
472
What is the highest common factor of 60650411 and 15909?
5303
What is the greatest common divisor of 1212367 and 42201?
521
Calculate the highest common divisor of 1947 and 261095001.
177
Calculate the greatest common factor of 297 and 85452543.
297
What is the greatest common factor of 2628 and 1505484?
36
Calculate the greatest common factor of 315 and 2501037.
63
Calculate the greatest common factor of 54 and 4030812.
18
Calculate the highest common factor of 121370670 and 25650.
5130
What is the greatest common divisor of 84 and 508809840?
84
What is the greatest common factor of 2057946 and 102?
6
Calculate the highest common divisor of 125 and 336560.
5
Calculate the greatest common divisor of 2592 and 10536816.
48
What is the highest common factor of 93642 and 2622?
6
What is the greatest common divisor of 1512 and 41834856?
168
Calculate the greatest common factor of 1401799428 and 1822.
1822
Calculate the greatest common factor of 15376 and 79766844.
3844
Calculate the highest common factor of 66592698 and 14775.
591
Calculate the highest common factor of 307930 and 10458.
1162
Calculate the greatest common divisor of 117 and 755365.
13
What is the highest common divisor of 48 and 61494128?
16
Calculate the greatest common divisor of 46427924 and 46825.
1873
What is the highest common divisor of 296 and 2750032?
8
What is the highest common divisor of 403525728 and 4?
4
Calculate the highest common divisor of 4091161 and 5.
1
What is the highest common divisor of 60967034 and 1118?
86
Calculate the greatest common factor of 12 and 1773816756.
12
What is the highest common factor of 2261 and 1787653?
133
What is the highest common factor of 24023 and 562?
1
Calculate the highest common factor of 5753 and 1782907.
523
Calculate the greatest common divisor of 61722605 and 1910.
955
Calculate the highest common divisor of 15994086 and 1842.
1842
Calculate the highest common factor of 6708060 and 77688.
2988
What is the greatest common divisor of 926464 and 32263?
77
What is the greatest common factor of 68333 and 2116?
23
What is the highest common divisor of 95 and 41705247?
19
What is the greatest common factor of 13020 and 9040?
20
What is the highest common factor of 81741 and 21395?
11
Calculate the greatest common divisor of 3052816 and 383968.
2704
Calculate the highest common factor of 14234 and 1176390281.
7117
Calculate the greatest common factor of 141992 and 1512.
8
Calculate the greatest common divisor of 2032460 and 256700.
3020
What is the highest common factor of 45004 and 236?
4
What is the highest common divisor of 13044 and 215496?
12
Calculate the highest common divisor of 24921400 and 385.
35
What is the highest common factor of 807931456 and 64?
64
Calculate the greatest common factor of 18636980 and 380.
20
Calculate the greatest common factor of 8980 and 10320265.
2245
What is the greatest common divisor of 1806 and 27869461?
43
What is the greatest common divisor of 19589 and 90345499?
1031
What is the greatest common factor of 29 and 1207436924?
29
Calculate the greatest common divisor of 8393760 and 315.
45
What is the greatest common divisor of 118480 and 240?
80
Calculate the greatest common factor of 17958 and 17220.
246
Calculate the highest common divisor of 2086716138 and 78.
78
Calculate the highest common divisor of 13092773 and 46.
23
What is the greatest common factor of 138269 and 25351?
101
Calculate the greatest common divisor of 2119369 and 203.
7
What is the highest common factor of 15 and 1680519?
3
What is the greatest common divisor of 2022390 and 10?
10
What is the highest common factor of 237 and 53970667?
79
Calculate the greatest common divisor of 47733946 and 468.
26
What is the highest common factor of 464 and 730241576?